 = -5*l. What is the remainder when t is divided by 18?
12
Let l(g) = 4*g + 7. Let m(u) = -u**3 + 9*u**2 + u - 4. Let q be m(9). Let z be l(q). What is the remainder when z + (-6)/(-3 - 0) is divided by 10?
9
Let o(d) = -d**3 - 3*d**2 + 2*d - 2. Let f be 1/(3 - (-26)/(-8)). Calculate the remainder when 16 is divided by o(f).
4
Let j be 15/6*(-24)/(-15). Calculate the remainder when 61 is divided by (-42)/(-5)*10/j.
19
Let n(y) = -y + 14. Let k = -4 + 8. Suppose -k*c + 42 = 10. What is the remainder when 10 is divided by n(c)?
4
Let s(y) = -y**3 - 10*y**2 - 9*y + 13. Let u(r) = 5*r - 1. Let h be u(6). Let t = 20 - h. What is the remainder when 24 is divided by s(t)?
11
Suppose -6 = -3*j - 3. Let h be 1 - (-3 + 8 - j). Let k(q) = -3*q. Calculate the remainder when 16 is divided by k(h).
7
Let z = 16 - 7. Suppose -4*o + z = c, 2*c - 2*o - o + 4 = 0. Let v(y) = 5*y**2 - y + 1. What is the remainder when 13 is divided by v(c)?
3
Suppose -3*b - 3*q = b - 106, -q - 98 = -4*b. What is the remainder when b is divided by 15?
10
Let a = -30 - -43. Suppose 5*m + 74 - 844 = 0. Suppose 4*c = 0, 0 = 4*o - 5*c - m + 6. Calculate the remainder when o is divided by a.
11
Let p(y) = -y + 5. Let x be p(-5). Suppose -2 = -2*u + 4*z - x, 3*z - 8 = u. Suppose 9 = u*j - 7. Calculate the remainder when 6 is divided by j.
2
Suppose 3*a + r = -r + 5, r = -3*a + 1. Calculate the remainder when 7 is divided by a/((-1)/5) + -1.
3
Suppose i + 4*d - 39 = 5*d, 3*d - 27 = -i. What is the remainder when 70 is divided by i?
34
Suppose 410 = 5*c - 5*x + x, 0 = -3*c + 3*x + 246. Calculate the remainder when c is divided by 17.
14
Let k be 2/(-2) - (7 + -46). Suppose c - 5*a + 27 = 0, 5*c = c - 5*a - 33. Let j = k - c. What is the remainder when j is divided by 13?
11
Let x = 79 + -30. Suppose 228*o = 239*o - 143. What is the remainder when x is divided by o?
10
Let x be 1*-2 - 0 - -3. Let d be x + 3/(-1 + 4). Let t(i) = 6*i - 1. Calculate the remainder when t(d) is divided by 7.
4
Let i(t) = -12*t - 14. What is the remainder when 63 is divided by i(-3)?
19
Calculate the remainder when (-512)/(-15) - ((-88)/(-60))/11 is divided by 18.
16
Suppose -2*k = -109 + 43. Calculate the remainder when k is divided by 7.
5
Let p(i) = 2*i**2 + 7*i + 14. What is the remainder when 70 is divided by p(-4)?
16
Suppose 4 = 3*r - 5. Let x = r - 6. Calculate the remainder when (-3)/9*x + 18 is divided by 7.
5
Let l be 1/(2 - 3)*-7. Let v = l + 5. What is the remainder when 33 is divided by v?
9
Let y(q) = -3*q - 13. Calculate the remainder when 113 is divided by y(-14).
26
Let k = 37 - 14. What is the remainder when 82 is divided by k?
13
Let l(m) = m**3 - 15*m**2 - m. Let a be l(15). Let t = a + 19. What is the remainder when 13 is divided by t?
1
Suppose 3*u - 2 = 2*u. Suppose 31 + 3 = 4*x - 5*p, 2*x = -5*p + 2. What is the remainder when x is divided by u?
0
Suppose -6*m = -2*m + 5*c + 25, 5*m + 53 = c. Suppose k + 2 = -0*k. Let p = k - m. Calculate the remainder when 14 is divided by p.
6
Suppose 0 = -4*z + y + 44 + 86, -z = -2*y - 29. What is the remainder when z is divided by (0/(-2) - -1)*9?
6
Let r(u) = -4*u + 1. Let t be r(-1). Suppose 0*x + t*j = 2*x - 35, -2*x = 4*j - 62. Suppose d - x = -4*d. What is the remainder when 14 is divided by d?
4
Suppose 11*r - 6*r = 50. What is the remainder when 26 is divided by r?
6
Suppose -10 = -2*j - 4. Suppose j*d + 0 = -3*c + 6, 0 = -4*c + 20. Let t = d - -7. What is the remainder when 15 is divided by t?
3
Let n(j) = j**3 - 2 - 2*j + 0*j**2 - 7*j + 6*j**2. Let i = 18 - 11. What is the remainder when n(-7) is divided by i?
5
Suppose 2*j + 25 = 67. What is the remainder when j is divided by 6?
3
Let o(x) = -x - 3. Let g be o(-8). Let z = 10 - g. What is the remainder when 13 is divided by z?
3
Let h = -95 + 144. Calculate the remainder when h is divided by 26.
23
Suppose -9*f + 7*f = -24. Calculate the remainder when 46 is divided by f.
10
Let j = -61 - -125. Let i(g) = -g**2 - 10*g + 13. What is the remainder when j is divided by i(-9)?
20
Let k be 2/5 + (-14)/35. Suppose 19 = m - k*m. Calculate the remainder when m is divided by 5.
4
Suppose 0 = 6*o - o. Suppose o = 4*l + 12, -5*h + l - 36 = -124. Suppose -h = -3*s + 10. Calculate the remainder when 16 is divided by s.
7
Suppose 10*b - 10 = 5*b. Let g(m) = -m**2 + 6*m + 2. Let a be g(5). Let n = a - 1. What is the remainder when n is divided by b?
0
Let v = -12 + 13. Calculate the remainder when v is divided by 1.
0
Suppose -36 = -2*j + 10. Suppose 12 = -4*q + 60. What is the remainder when j is divided by q?
11
Suppose -4*p - 89 + 15 = -5*a, -5*p - 61 = -4*a. Calculate the remainder when 26 is divided by a.
12
Let f(y) = y**3 + 5*y**2 + 3*y - 2. Let s be f(-4). Let d be 2 + -6*(s - 3). Suppose -j - j = -d. Calculate the remainder when j is divided by 2.
0
Suppose 0*k = 2*k - 6. Let c be ((-2)/3)/(k/(-9)). Suppose -c*h + 7 = -15. What is the remainder when 32 is divided by h?
10
Let n = 80 - 58. Calculate the remainder when n is divided by 15.
7
Let h(j) be the first derivative of -j**4/4 - j**3/3 + j**2/2 + 3*j + 1. Calculate the remainder when 9 is divided by h(0).
0
Let u(n) = -n + 13. What is the remainder when 17 is divided by u(7)?
5
Calculate the remainder when 4/5*(9 + 1) is divided by 3.
2
Suppose -5*h + 3*p = 59, -14 - 30 = 5*h + 2*p. Let y = -4 - h. Calculate the remainder when -1*(4 + 0 + -15) is divided by y.
5
Suppose 0 = 5*d, 5*d = -4*o + 15 + 21. Calculate the remainder when 41 is divided by 183/o - (-4)/6.
20
Let a = 30 - -4. What is the remainder when a is divided by 18?
16
Let u be (-21)/(-15) + (-4)/10. Let i = u - -6. What is the remainder when 12 is divided by i?
5
Suppose c - 10 = -4. What is the remainder when c is divided by 4?
2
Suppose h + h = -u - 16, 3*h + 39 = -3*u. Suppose p = 2 + 9. Calculate the remainder when p is divided by (12/(-10))/(2/u).
5
Suppose -2*u + 8 = -6*u. Let s be 16/10 + u/(-5). Calculate the remainder when 1 is divided by (s/4)/((-2)/(-4)).
0
Let w = -13 - -6. Let y = -4 - w. Suppose 3*p - 11 = 3*a + 7, y*p + 14 = -5*a. What is the remainder when 4 is divided by p?
0
Let u be 2 - 2*(-46 + -1). Suppose -5*z - 120 = 3*n, 0 = 4*n + n - 5*z + 160. Let h = u + n. What is the remainder when h is divided by 21?
19
Let k(x) = x**2 + 4*x - 7. Let b be k(-6). Suppose 0 = -5*m, 3*j + 0*m - 27 = -b*m. Calculate the remainder when 25 is divided by j.
7
Suppose 24*i + 230 = 29*i. Calculate the remainder when i is divided by 6.
4
Let j(q) = 5*q**2 + 12*q + 3. What is the remainder when 20 is divided by j(-3)?
8
Let z(g) = 2*g - 13. Let v be z(6). What is the remainder when (-1 - v) + (-205)/(-5) is divided by 11?
8
What is the remainder when 47 is divided by 7/((-42)/(-68)) + 6/9?
11
Let n(g) = g - 6. Suppose 0 = 3*o + s - 14, -2*s + 18 = 4*o - 0*s. Calculate the remainder when n(15) is divided by o.
4
Suppose 0 = 4*z - 47 - 9. Suppose -7*c = v - 2*c - 14, -5*c - 6 = -4*v. Suppose v*a - 145 = -37. Calculate the remainder when a is divided by z.
13
Let t(h) = -7*h**3 + 1. What is the remainder when 21 is divided by t(-1)?
5
Let h(r) = r**2 + 6*r - 16. Let k(y) = -31*y. Calculate the remainder when k(-1) is divided by h(-9).
9
Let t(g) = -6 + 3 + 0 + 6*g + g**2. Let q be t(-7). Suppose -7 = -l + q. What is the remainder when 21 is divided by l?
10
Let c(s) be the third derivative of s**4/12 - 5*s**3/3 + s**2. Let p be c(7). Calculate the remainder when 17 is divided by ((-2)/(-5))/(p/60).
5
Suppose -h - 4*k - 5 = k, 5*h - 4*k = 4. Suppose -4*a + h*a - 16 = -4*w, 4*a = -3*w - 2. Calculate the remainder when 1*1/(a/(-40)) is divided by 11.
9
Let t = 118 + -84. What is the remainder when 98 is divided by t?
30
Let m(y) = -4*y - 12*y + 30*y + 40*y. Calculate the remainder when m(1) is divided by 19.
16
Let d(f) = 13*f + 2. Calculate the remainder when d(9) is divided by 30.
29
Let f(b) = b**2 - 8*b + 8. Let c be f(7). What is the remainder when (1 - 33)*(-1)/2 is divided by (-1)/(c/(-18)*2)?
7
Suppose -5*p - 4*l + 190 = -8*l, -2*p = l - 76. What is the remainder when 150 is divided by p?
36
Let n = 9 - 6. Suppose m - a - 20 = -3*a, -5*a - 104 = -n*m. Calculate the remainder when m is divided by ((-30)/(-4))/((-2)/(-4)).
13
Let y = 44 + 53. Calculate the remainder when 